 11*k + 875050. Is k composite?
False
Let g(z) = -69*z**3 - 7*z**2 - 20*z + 11. Is g(-6) prime?
True
Suppose -86*s = -277*s + 22591862. Is s a composite number?
True
Suppose 2*n = 5*d - 17587, 3*d - 3539 = 2*d - 5*n. Let k = d + -1421. Is k a composite number?
True
Let l = 824 - 146. Suppose l = 6*j - 840. Is j prime?
False
Suppose -18 = 2*p - 2*l, 28 = -4*p + l - 5. Let w(n) = -173*n - 3. Let b be w(p). Is b + 4*(-3)/6 a prime number?
False
Let s be 1 + 90/9 + 1 + -5. Let w be ((-2)/(-4))/(s/15652) + -1. Suppose 9*x = 3302 + w. Is x a prime number?
True
Suppose 5*i + b = -10, 14*b - 37 = 4*i + 9*b. Is 3908 + (-3 - (-8 + 3 - i)) prime?
True
Let v be -1 - 5 - (-17 + 7). Suppose 0 = t - 0*t - v*c - 4775, 4*t - 19081 = -3*c. Is t composite?
True
Suppose 0 = 1809*b - 1792*b - 526507. Is b a composite number?
False
Let b(s) = -s**2 + s + 9. Let g be b(0). Suppose 0 = g*o - 30 - 51. Suppose -o*h = 4*h - 1157. Is h prime?
True
Suppose 0 = -y + 1, n - 42581 = -0*n - 2*y. Let s = n + -13220. Suppose 2*p + 9*p = s. Is p prime?
False
Let h be (-14)/4 + (-16)/32. Let r = h + 14. Is (1236/10)/3*r - -1 prime?
False
Let s(w) = w**3 - 17*w**2 + 19*w - 40. Let h be s(16). Suppose 0 = 8*d + h*d - 13456. Is d composite?
True
Is (2/4)/((-3017945)/(-158838) - 19) prime?
False
Let j be (-8)/4*5277*5/(-10). Is (j/3)/((-2)/(-4)) a composite number?
True
Let l be 6182451/90 - (-2)/20. Suppose -6161 = -5*d + l. Is d a prime number?
False
Let l = 55150 + -101918. Is 2/8 - l/64 composite?
True
Suppose 168*u + 6090490 = 238*u. Is u prime?
False
Let j = -68115 - -214318. Is j composite?
False
Let x = -944 + 8599. Is x composite?
True
Is 1/(((-56)/(-168))/((-464939)/(-3))) a composite number?
False
Is 2/16 + (914/4)/(116/38483) prime?
False
Let f(u) = 3*u - 4. Let i be f(3). Suppose -v - 5 = -3*z, 2*z - 21 = -i*v + 5. Suppose 5*b - 3766 = -z*w - 309, 3*w = 12. Is b prime?
False
Let m = -23 - -25. Suppose -17 + m = -3*a. Suppose a*o + 3*t = 2920, -o - t + 576 + 6 = 0. Is o a composite number?
False
Let u = 1788 + -666. Suppose u*a = 1117*a + 224965. Is a composite?
True
Let a(v) = -v**3 + 16*v**2 + 6*v + 31. Suppose -9*q + 7*q + 4 = 0. Let g = 14 + q. Is a(g) a composite number?
False
Let w = -116765 + 179962. Is w a prime number?
True
Suppose 3*n - 4*m - 7 = 0, 4*n - 1 = 3*n + 2*m. Suppose 5*h - n*s = 3710, -2*h + 4*s + 1488 = 6*s. Is h a prime number?
True
Let a(b) = 17*b - 17. Let h be a(1). Is (h - -3)*(-5)/(-60)*13796 composite?
False
Let b(l) = -4*l + 111. Let m be b(30). Is (58347/(-6))/m + 3/6 a composite number?
True
Let w = 147125 + -34722. Is w a prime number?
True
Is (4534731/(90/10))/(33/77) a prime number?
False
Let m(z) = 936*z**2 - 33*z + 49. Is m(6) composite?
False
Let o be 7*5/(105/6). Suppose -4*y + 1 = o*j - 5, 5*j = -25. Is (-4)/2*(2 - 1990/y) composite?
False
Suppose -175057 = -35*w + 347248. Is w composite?
False
Suppose -711620 = -4*s - 2*t, -11*t = -14*t + 24. Is s a prime number?
False
Let l(a) = 16*a**2 + 4*a - 17. Suppose 5*z - 16 = -76. Let c be (z/4)/((-1)/(-4)*2). Is l(c) prime?
False
Is ((-6)/(-15))/(32/(-40))*207838*-11 prime?
False
Suppose 21*u - 2876 - 3088 = 0. Let i(c) = -c**2 + 5. Let g be i(0). Suppose 3*a + y = u + 275, 937 = g*a - y. Is a composite?
True
Is -5 + ((-169)/13 - -3065) composite?
True
Let f = 41266 + 68385. Suppose 14*z = f + 211243. Is z a prime number?
True
Suppose 10*x - 6*x = 48. Let p be (-184)/6*x/(-8). Is 53/(-2 - p/(-22)) a composite number?
True
Let u(j) = 271566*j + 661. Is u(1) prime?
True
Is (16519*(-3)/9)/(((-8)/66)/4) prime?
False
Let w = -114060 + 209520. Suppose -21*u + w = -98475. Is u a composite number?
True
Let s = -66066 + 274205. Is s prime?
True
Suppose -4*s - 127*k + 131*k = 3248, -2*s - 1608 = 2*k. Suppose 6*y - 7820 = 2*y. Let u = y + s. Is u a prime number?
False
Suppose -2*h + p + 256004 = 4*h, p + 170670 = 4*h. Is h composite?
False
Let g(u) = -32793*u - 466. Is g(-7) a composite number?
True
Let n(y) = -4*y**3 - 24*y**2 - 5*y + 267. Is n(-14) a prime number?
False
Let z(j) = 887*j**3 - 7*j**2 - 5*j - 7. Is z(4) prime?
True
Suppose 0 = 7*c - 5 - 16. Let a be c - (13 - 2/2). Is (-21)/(-14)*(-10158)/a - 0 a composite number?
False
Let a(w) = -19*w**3 - 25*w**2 - 37*w + 112. Is a(-13) a prime number?
False
Suppose -5*y = -w + 20527, 3*y - 54612 - 6897 = -3*w. Is w a prime number?
True
Let h(x) = x**3 + 6*x**2 + 4. Let v be h(-6). Is 0 - ((-1)/v + (-50669)/92) a composite number?
True
Let i(h) = 41*h**2 + 57*h + 181. Suppose -9*v + 15 = -10*v + 3*k, 0 = -3*v + 4*k - 25. Is i(v) composite?
False
Let m(j) = -11*j**2 + 38*j + 145. Let d(q) = -6*q**2 + 18*q + 73. Let a(y) = 5*d(y) - 3*m(y). Is a(21) a composite number?
True
Let t be 7 - 715/(-25) - (-4)/10. Let h = t - 31. Suppose h*r + a - 1657 = 4*a, r - a - 333 = 0. Is r a prime number?
False
Let s(p) = -21*p**2 + 2*p + 1. Let z be s(-2). Let c = z - -87. Suppose c*o + 4*h = -o + 469, -2*o = 2*h - 908. Is o a prime number?
True
Is -5 + 4 + 2669016/3 a prime number?
False
Suppose 0 = 216*d - 211*d + 25. Is d - -5212 - (0 + -2) prime?
True
Suppose -c + 7*b - 4*b = 13, -4*c - 5*b + 16 = 0. Is 11/9 + c - 1011104/(-288) a prime number?
True
Let t be (14378 + 6)/4 + -3. Suppose i - 374 - t = 0. Is i prime?
True
Suppose -24 = -3*m + 66. Suppose m*k - 34751 = -2141. Is k a composite number?
False
Let r(c) = 2*c + 36. Suppose 2*b + b = -51. Let t be r(b). Suppose -6*x - t*x = -1048. Is x composite?
False
Let a = 205 - 181. Is (30/a - 1/4)*33313 prime?
False
Suppose 0*z + w + 7 = 3*z, -5*z + 3*w = -13. Let m be 848/60 - z/15. Suppose -m*u = -13*u - 979. Is u composite?
True
Suppose 9*v - 4*l = 540839, 0 = 5*v + 2*l - 103526 - 196919. Is v prime?
True
Let n = 103476 + -31055. Is n a composite number?
False
Let y be (175/14)/((-2)/(-596)). Let u be y/20 - (-2)/(-8). Is (-1*3)/((-18)/u) composite?
False
Is -2*((-2)/8)/(101/14748222) prime?
False
Let m(w) be the first derivative of -w**4/4 - 2*w**3 - 2*w**2 + 5*w - 8. Let r be m(-5). Suppose r = p - 0*p + 3, h = p + 758. Is h a prime number?
False
Let s = -93 + 102. Let d = s - 5. Suppose -6*p = 3*g - p - 3127, -d*g - 2*p = -4188. Is g a prime number?
True
Let p(c) = 234380*c**2 + 24*c - 22. Is p(1) composite?
True
Let a(o) = -95*o - 28. Suppose 0 = 3*v - 52 + 154. Let f = -39 - v. Is a(f) a prime number?
False
Suppose -33844 = 40*q + 58756. Is q/(-7) - (-54)/189 a prime number?
True
Let c be 16/10*25/4. Suppose 0 = -2*r + c, r = -s + 7889 + 17183. Is s a prime number?
False
Let o = -733 + 736. Is o/((-9)/(-7968)) + 2/2 prime?
True
Let r(s) = 4*s**2 - 66*s - 30. Let j be r(17). Suppose u = -j*p + 8487, 0 = -5*u + 3*p + 45163 - 2705. Is u prime?
False
Suppose 135*v - 132*v + 349242 = 3*z, 3*z - 2*v = 349237. Is z a prime number?
False
Let s(m) = -98498*m**3 + m**2 - m + 3. Is s(-1) a prime number?
False
Let w(o) = 2120*o**2 - 29*o + 96. Is w(5) prime?
True
Let b = 32429 + 16924. Is b prime?
False
Let j be 28743/9 + -2*(-4)/24. Suppose -19765 = -9*h + j. Is h a prime number?
True
Suppose 12977494 = -125*q + 163*q. Is q a prime number?
False
Let o(t) = 3*t**3 - 5*t**2 - t - 6. Let v be o(3). Is 1313/3 + 36/v a prime number?
True
Let r(c) = 50*c - 65. Let a be r(5). Let m = a + 74. Is m a prime number?
False
Let p(l) = -l**3 + 3*l**2 + 3*l + 6. Let t be p(4). Suppose -10215 = -z + x - 1569, -t*z - x + 17277 = 0. Is z a composite number?
False
Let t(u) = -5*u + 4*u - 4 + 5*u. Let y be t(-3). Let p = 27 + y. Is p a prime number?
True
Suppose -6 = -2*s + 4, 2*r - 4*s = -32. Let g(h) = -22*h - 23 - 20 + 36 - 21*h. Is g(r) prime?
True
Let b = 36449 + 88916. Is b composite?
True
Let t = 32390 + -9537. Is t a composite number?
False
Suppose 2*u + 1328*g - 1326*g = 386898, 0 = 5*g. Is u prime?
False
Suppose -6*n + 31148 = -2*n - t, -5*n + t = -38936. Let o = n - 4585. Is o a prime number?
True
Let y = -29 + 31. Suppose -6548 = -y*j - 822. Let w = 4502 - j. Is w a prime number?
False
Let x(h) = -h**2 - 7*h + 6. Let p be x(-6). Suppose 0 = -13*n + p*n + 3*b + 1546, -4624 = -3*n - 5*b. Is n prime?
True
Let o be (-3)/(-48)*8*0. Is o*(-2)/(-4) + (-65 - -4918) a composite number?
True
Suppose z - 7 = -4*x, 0*z + 11 = -3*x - 4*z. Is x/(-7) - (3 - 6334/14) a composite number?
False
Suppose p - 5*k = 4453, -3*p + 13375 = -2*k 